Let k be f(23). Let w(g) be the third derivative of 0*g + 3*g**2 + 5/24*g**k - g**3 + 1/60*g**5 + 0. Determine w(-5).
-6
Let p(u) = -9*u**2 - 17*u + 1. Let g be p(-2). Let v(w) = -14*w + 1. Calculate v(g).
15
Let y(j) = -5*j**2 + 20*j - 20. Let w(q) = -2*q**2 + 7*q - 7. Let g(u) = 17*w(u) - 6*y(u). Let d(i) be the first derivative of g(i). Calculate d(1).
-9
Let l(v) = v**2 + 2*v - 5. Suppose 21 = -5*b + 41. Suppose -b*x + 9 = 3*m + 5, -m = -2*x + 12. Give l(m).
3
Let m(h) = -h + 4. Let l(n) = -n**3 + 6*n**2 - n - 6. Let a be l(6). Let b be (a/8)/((-3)/4). Give m(b).
2
Let a be 1 + -1 + 2 + 2. Let o(t) be the first derivative of -t**4/12 + t**3/3 - 10*t**2 - 8. Let w(i) be the second derivative of o(i). Calculate w(a).
-6
Let y(q) = 3*q + 1. Let b be 152/(-24) + ((-10)/(-3) - 3). What is y(b)?
-17
Let r(m) = -6*m + 53. Let f be r(9). Let h(v) = -3*v - 1. What is h(f)?
2
Let m(t) = -2*t**3 + 4*t**2 - 6*t + 7. Let v(s) = -s**3 + 4*s**2 - 6*s + 5. Let j(x) = -2*m(x) + 3*v(x). Calculate j(-5).
6
Let g be 5/20*-22*2. Let k(u) = -4*u - 42. Calculate k(g).
2
Let t(u) = 6*u**3 + 2*u**2 + 2*u + 1. Let y be t(-1). Let p(i) = 1 + 7*i + 5*i - 8*i. Let o(b) = 2*b + 1. Let k(x) = y*o(x) + 2*p(x). Give k(5).
-13
Let d be (-35)/10*4/7. Let s(g) be the second derivative of -2*g - 3/2*g**2 + 0 - 1/3*g**3. Determine s(d).
1
Let d(z) = 2*z**3 - 2*z + 3*z**2 - z**3 - 7*z**2 - 3 + 0*z**3. Let k(a) = -5*a - 65. Let t be k(-14). Calculate d(t).
12
Let t(u) be the third derivative of u**5/40 - u**4/8 + 4*u**3 - 7*u**2 + 4. Let a(k) be the first derivative of t(k). Let w be (14/8 - 1)*4. What is a(w)?
6
Suppose l + 10 = 10*k - 6*k, -4*k = -12. Let s = l - 2. Let r(b) be the first derivative of -b**4/4 + b**3/3 + 7*b - 36. What is r(s)?
7
Suppose -3*f + 4*u - 37 = 0, -u = -f + 6 - 17. Let l = f - -9. Suppose -4 = o - 2*j, 3*j - l = 5*o - j. Let m(d) = -d**3 + d**2 - 2. What is m(o)?
-6
Let j(g) be the second derivative of 1/6*g**3 - 26*g + 2 - 1/12*g**4 - 1/20*g**5 + 3*g**2. What is j(0)?
6
Let c(g) be the second derivative of -5*g**3/6 - 35*g. What is c(-1)?
5
Let x(i) = -i**3 + 37*i**2 + 36*i + 84. Let u be x(38). Let a(q) = -q - 2. Determine a(u).
-10
Let f(z) = -4*z. Let g = -196 + 194. What is f(g)?
8
Let c(k) = 5*k**2 - 8*k - 4. Let r(h) = -h**2 + h. Let s = -31 - -28. Let x(l) = s*r(l) - c(l). Calculate x(5).
-21
Let z(d) = -4*d**2 - 33*d - 23. Let h be z(-7). Let i(v) = -v + 4. Determine i(h).
-8
Let d(y) = -y**2 + 6*y. Let n be d(6). Let f(z) = 12*z + 6. Let t(g) = -5*g - 3. Let c = 101 + -98. Let b(i) = c*f(i) + 7*t(i). Determine b(n).
-3
Let t be (18/15)/((-14)/35). Let j(u) = 8*u + 18. Determine j(t).
-6
Let k(b) = 6*b + 7. Let z(q) = q + 1. Let p(s) = k(s) - 4*z(s). Let v(f) = -6*f**3. Let a be v(1). Give p(a).
-9
Let d(x) = -4*x**3 - 3*x**2 - 4*x + 4. Let l(t) = 11*t**3 + 9*t**2 + 11*t - 12. Let n(j) = -8*d(j) - 3*l(j). What is n(-2)?
2
Let p(b) = -b - 3. Let a(w) be the first derivative of -w**3/3 + 4*w**2 - 7*w + 6. Let o be a(7). Suppose 4*s = 4*y - o - 12, -y - 3 = 0. Determine p(s).
3
Let f(g) = -g**2 - 10*g - 2. Suppose 2*b = 4*j - 28, -4*b - 35 = -11*j + 10*j. What is f(b)?
14
Let a(f) = -4 + 22*f - 1 - 10*f - 13*f. Determine a(13).
-18
Let s(r) = 12*r**2 + 7 + r**3 + 2*r**2 - 9*r**2 + 3*r. Let z(q) = q**3 - 9*q**2 - 5. Suppose -4*b = -27 - 9. Let u be z(b). Give s(u).
-8
Let t = 213 - 206. Let r(p) = -4*p + 24. What is r(t)?
-4
Let u(w) = -w**2 - 6*w - 2. Let p(d) = -9*d**2 - 34*d - 4. Let h(r) = -5*r**2 - 17*r - 2. Let q(z) = 5*h(z) - 3*p(z). Let j be q(-8). What is u(j)?
-2
Let p(j) = -2*j - 3. Let h(w) = w**2 - 8*w - 16. Let i(s) = h(s) - 5*p(s). What is i(1)?
2
Suppose t + 14 = 3*s - 0*t, -5*s - 10 = 5*t. Let v(g) = -209*g**2 - 3*g - 200*g**2 + 410*g**2. Give v(s).
0
Let w(z) be the third derivative of -z**6/120 - z**5/10 + z**4/24 + z**3 + z**2. Let m = -8 + -2. Let d(x) = x + 4. Let o be d(m). Calculate w(o).
0
Let i(j) be the third derivative of -j**5/40 - 2*j**3/3 + 10*j**2. Let k(x) be the first derivative of i(x). Calculate k(2).
-6
Let g(h) = -25*h - 23*h + 45*h. Suppose 0 = -4*c - 5*c - 18. Give g(c).
6
Let q(u) = 2*u**2 - 1 - u**2 + 2*u**2 - u**2 + u - 3*u**2. Determine q(-6).
-43
Let y(d) = -2*d + 4*d - 43 + 4 - 5*d + 5. Calculate y(-12).
2
Let g(t) be the second derivative of 0 + 1/4*t**4 - 7*t + 0*t**2 + 0*t**3. Give g(-1).
3
Suppose -n + 6 = n. Let r(k) = -k**2 - 9 + 204*k - 204*k + 7. Give r(n).
-11
Let w(a) = -7*a - 2*a**2 - 4*a + a**2 - 1 - 7*a + 17*a. Calculate w(0).
-1
Let p(r) = r - 8. Let j(t) = -t + 6. Let o(v) = -3*j(v) - 2*p(v). Calculate o(-3).
-5
Let s be (-1 + 3)*(-2)/4. Let w = 34 + -31. Let h(z) = 3*z - 2 + w - 1. Give h(s).
-3
Let i(l) = -l**2. Let w(x) = -x**2 - x - 7. Let r(n) = -2*i(n) + w(n). Calculate r(0).
-7
Let a be 0/2 + (-10 - -4). Let n(p) be the first derivative of p**2/2 + 3*p - 664. Determine n(a).
-3
Let w(c) = 9*c**2 + 19 - 8 - 26 - c**3 + 5*c + 6*c. Determine w(10).
-5
Let d(l) = 10*l**3 + 11*l**2 + 14*l + 25. Let j(p) = -3*p**3 - 4*p**2 - 5*p - 8. Let u be (3 - (-4 + 5))*1. Let i(y) = u*d(y) + 7*j(y). What is i(-4)?
-10
Let k(g) be the third derivative of -1/12*g**5 + 0*g - 1/120*g**6 + 3/2*g**3 + 1/6*g**4 + 0 + 9*g**2. Determine k(-6).
21
Let t(o) = 17*o + 7. Let g(r) = 4*r + 2. Let z(w) = 9*g(w) - 2*t(w). Suppose 7*q - 4*q = -3*c - 21, 3*c + 20 = -2*q. Calculate z(c).
-8
Suppose 0 = -3*w + 4*w + 2. Suppose 4*a + i + 0*i - 32 = 0, 0 = -2*a - 5*i + 16. Let m(g) = -2*g - a + 24 - 7 - 10. Give m(w).
3
Let z(h) = 2*h**3 - h**2 - 4*h**3 + 15*h**3 + 1. Suppose 2*g + 1 + 1 = -4*i, 5*g + 2*i = -5. Calculate z(g).
-13
Let n = -26 - -21. Let z(b) be the first derivative of b**5/20 + b**4/3 - b**3 + b**2/2 + 2*b - 4. Let p(y) be the first derivative of z(y). Determine p(n).
6
Suppose 9 = -v - 2*v, -x - 3*v = 5. Let f(n) = -7 - x*n + 0*n + 0*n + 6*n. Let k be 3 - (-1 - (-1 - -2)). What is f(k)?
3
Let c(f) = 20*f**2 - 55*f - 4. Let z(l) = 7*l**2 - 19*l - 1. Let m(n) = 6*c(n) - 17*z(n). Determine m(7).
-7
Let x(f) = f. Suppose y + 11 = -r + 139, y + 532 = 4*r. Let t = -135 + r. Give x(t).
-3
Let j(i) = -i + 6. Let o(t) = 2*t - 15. Let n(w) = -5*j(w) - 2*o(w). Give n(-3).
-3
Let s(f) = -7 + 7*f**3 + 6*f**2 + 0*f - f + 6*f**3 - 14*f**3. Calculate s(5).
13
Let r(y) = -2*y + 7. Let p(v) be the first derivative of -v**2 + 7*v + 10. Let t(n) = -3*p(n) + 2*r(n). What is t(6)?
5
Let r(j) = -j**2 + 2*j + 9. Let k = -413 + 413. Determine r(k).
9
Let n(l) = -10*l + 4. Let w(i) = 11*i - 5. Let b(o) = -4*n(o) - 3*w(o). Suppose -3*f = -6*f. Let z = f - -1. Give b(z).
6
Suppose 9 = 5*a - 1. Let w be (((-6)/10)/(-3))/((-4)/(-40)). Let h(i) = 8 + 3*i + 0*i**w + i**a - 5. What is h(-3)?
3
Let s(z) be the second derivative of -5*z**3/6 - z**2/2 - 60*z. Give s(1).
-6
Let n(a) = 7*a**2 - 14*a + 5. Let i(g) = -11*g**2 + 21*g - 7. Let s(l) = -5*i(l) - 8*n(l). Let v(j) = -373*j - 367. Let d be v(-1). Calculate s(d).
1
Let o = 15 - 17. Let t = -1 - o. Let b(i) = -17*i - 1. What is b(t)?
-18
Let f(s) = -s + 7. Let q be (24/14)/((-20)/(-70)). Give f(q).
1
Let n(h) = h. Let z = 44 - 19. Let u = z + -11. Let c = -18 + u. Calculate n(c).
-4
Let y be (-2 - -2 - 1)/((-1)/3). Let x(m) = m**y - 9*m**2 + 5 - 6 + 2. Calculate x(9).
1
Let c = -72 - -74. Suppose -c*r = -2 - 10. Let b(a) = -a - 6. Determine b(r).
-12
Let y(p) be the second derivative of -p**3/6 - 7*p**2/2 - 94*p. Calculate y(-5).
-2
Let x be (3/(-3))/(9/(-36)). Let u(d) = 2*d + 1 + x*d - 4*d + d. Determine u(1).
4
Suppose 2947*s - 2953*s = -66. Let p(q) = -q**2 + 7*q + 10. Determine p(s).
-34
Let h(c) = 5*c + 1904 + 0*c - 1907. Give h(4).
17
Let q(s) = -s**3 + 3*s**2 + 5*s - 3. Suppose -3*d = 3*g - 9, 7 = 4*d - 2*g - 11. What is q(d)?
1
Suppose -4*z = -4*m - 0*m + 8, -26 = -5*z - 4*m. Let c(q) = -3 + 7 + 8*q**2 + 7*q - q**3 + q**2 - 2*q**z. Calculate c(8).
-4
Suppose 58 - 10 = -16*k. Let n(o) = o**3 + 2*o**2 - 2*o - 1. Give n(k).
-4
Let l = 745 - 738. Let t(g) = -4*g - 4. Give t(l).
-32
Let i(p) = -7*p**2 - 9 + 9 - 2*p - p**3 - 3 + 3. What is i(-6)?
-24
Let s(f) = f**3 + f**2 - f. Let z(c) = -1 + c**3 + 15*c**2 - 17*c**2 - 12*c + 3*c**3. Let n(j) = -5*s(j) + z(j). Determine n(-6).
5
Let t(r) = -11*r + 1. Let v = -15 + 13. Let m be (-10)/15*(1 - v). What is t(m)?
23
Let s be 24/